{"id":10,"date":"2025-02-26T21:05:05","date_gmt":"2025-02-26T20:05:05","guid":{"rendered":"https:\/\/allergo.infodocs.eu\/cours2025\/groupe6\/?page_id=10"},"modified":"2025-03-14T19:43:44","modified_gmt":"2025-03-14T18:43:44","slug":"homepage","status":"publish","type":"page","link":"https:\/\/allergo.infodocs.eu\/cours2025\/groupe6\/","title":{"rendered":"Bienvenue !"},"content":{"rendered":"\n<div class=\"wp-block-columns is-layout-flex wp-container-core-columns-is-layout-9d6595d7 wp-block-columns-is-layout-flex\">\n<div class=\"wp-block-column is-vertically-aligned-center is-layout-flow wp-block-column-is-layout-flow\" style=\"flex-basis:66.66%\">\n<figure class=\"wp-block-embed is-type-video is-provider-youtube wp-block-embed-youtube wp-embed-aspect-16-9 wp-has-aspect-ratio\"><div class=\"wp-block-embed__wrapper\">\n<iframe loading=\"lazy\" title=\"Rando L\u00e9gendes\" width=\"640\" height=\"360\" src=\"https:\/\/www.youtube.com\/embed\/CR-E0Gvdd0o?feature=oembed\" frameborder=\"0\" allow=\"accelerometer; autoplay; clipboard-write; encrypted-media; gyroscope; picture-in-picture; web-share\" referrerpolicy=\"strict-origin-when-cross-origin\" allowfullscreen><\/iframe>\n<\/div><\/figure>\n<\/div>\n\n\n\n<div class=\"wp-block-column is-vertically-aligned-center is-layout-flow wp-block-column-is-layout-flow\" style=\"flex-basis:33.33%\">\n<p>Es-tu pr\u00eat \u00e0 plonger dans un monde o\u00f9 la nature cache des secrets incroyables ? Ici, chaque sentier raconte une histoire et chaque pas te rapproche d\u2019une l\u00e9gende ! Pars sur la piste des <strong>dragons <\/strong>endormis, des <strong>f\u00e9es <\/strong>myst\u00e9rieuses, des <strong>korrigans <\/strong>farceurs\u2026 Oseras-tu traverser la for\u00eat des <strong>esprits <\/strong>ou marcher dans l\u2019ombre des <strong>fant\u00f4mes<\/strong>? Chausses tes baskets, ouvre grand les yeux et laisse la magie des randonn\u00e9es t\u2019emporter !<\/p>\n<\/div>\n<\/div>\n\n\n\n<div style=\"height:27px\" aria-hidden=\"true\" class=\"wp-block-spacer\"><\/div>\n\n\n\n<div class=\"wp-block-buttons is-content-justification-center is-layout-flex wp-container-core-buttons-is-layout-16018d1d wp-block-buttons-is-layout-flex\">\n<div class=\"wp-block-button\"><a class=\"wp-block-button__link wp-element-button\" href=\"https:\/\/allergo.infodocs.eu\/cours2025\/groupe6\/localiser-rando\/\"><strong>CLIQUE POUR LOCALISER LES RANDOS DISPONIBLES !<\/strong><\/a><\/div>\n<\/div>\n\n\n\n<div id=\"team\" class=\"wp-block-group\"><div class=\"wp-block-group__inner-container is-layout-constrained wp-block-group-is-layout-constrained\">\n<div class=\"wp-block-group\"><div class=\"wp-block-group__inner-container is-layout-flow wp-block-group-is-layout-flow\">\n<div style=\"height:27px\" aria-hidden=\"true\" class=\"wp-block-spacer\"><\/div>\n<\/div><\/div>\n\n\n\n<div class=\"wp-block-group\"><div class=\"wp-block-group__inner-container is-layout-flow wp-block-group-is-layout-flow\">\n<h3 class=\"wp-block-heading\">Les cr\u00e9atures &#8230;<\/h3>\n\n\n\n<div style=\"height:0px\" aria-hidden=\"true\" class=\"wp-block-spacer\"><\/div>\n\n\n\n<div class=\"wp-block-columns is-layout-flex wp-container-core-columns-is-layout-9d6595d7 wp-block-columns-is-layout-flex\">\n<div class=\"wp-block-column is-style-default is-layout-flow wp-block-column-is-layout-flow\" style=\"border-style:none;border-width:0px;padding-top:0;padding-right:0;padding-bottom:0;padding-left:0\">\n<figure class=\"wp-block-image size-full is-style-default\"><a href=\"https:\/\/allergo.infodocs.eu\/cours2025\/groupe6\/category\/creatures\/creatures-humaines\/\"><img loading=\"lazy\" decoding=\"async\" width=\"901\" height=\"901\" src=\"https:\/\/allergo.infodocs.eu\/cours2025\/groupe6\/wp-content\/uploads\/2025\/03\/creature-humaine-1-edited.png\" alt=\"\" class=\"wp-image-219\" srcset=\"https:\/\/allergo.infodocs.eu\/cours2025\/groupe6\/wp-content\/uploads\/2025\/03\/creature-humaine-1-edited.png 901w, https:\/\/allergo.infodocs.eu\/cours2025\/groupe6\/wp-content\/uploads\/2025\/03\/creature-humaine-1-edited-300x300.png 300w, https:\/\/allergo.infodocs.eu\/cours2025\/groupe6\/wp-content\/uploads\/2025\/03\/creature-humaine-1-edited-150x150.png 150w, https:\/\/allergo.infodocs.eu\/cours2025\/groupe6\/wp-content\/uploads\/2025\/03\/creature-humaine-1-edited-768x768.png 768w\" sizes=\"auto, (max-width: 901px) 100vw, 901px\" \/><\/a><\/figure>\n\n\n\n<p><strong>Forme plut\u00f4t humaine<\/strong><br>Diablesse, sorcier maudit, korrigan, f\u00e9e, homme \u00e0 t\u00eate de sanglier, g\u00e9ant protecteur, personnage errant dans la for\u00eat&#8230;<\/p>\n\n\n\n<div class=\"wp-block-buttons is-content-justification-center is-layout-flex wp-container-core-buttons-is-layout-16018d1d wp-block-buttons-is-layout-flex\">\n<div class=\"wp-block-button\"><a class=\"wp-block-button__link wp-element-button\" href=\"https:\/\/allergo.infodocs.eu\/cours2025\/groupe6\/category\/creatures\/creatures-humaines\/\"><strong>D<\/strong>IABLESSE <strong>&amp; AUTRES<\/strong><\/a><\/div>\n<\/div>\n<\/div>\n\n\n\n<div class=\"wp-block-column is-style-default is-layout-flow wp-block-column-is-layout-flow\" style=\"border-style:none;border-width:0px;padding-top:0;padding-right:0;padding-bottom:0;padding-left:0\">\n<figure class=\"wp-block-image size-full\"><a href=\"https:\/\/allergo.infodocs.eu\/cours2025\/groupe6\/category\/creatures\/creatures-animales\/\"><img loading=\"lazy\" decoding=\"async\" width=\"901\" height=\"901\" src=\"https:\/\/allergo.infodocs.eu\/cours2025\/groupe6\/wp-content\/uploads\/2025\/03\/creature-animale-1-edited.png\" alt=\"\" class=\"wp-image-220\" srcset=\"https:\/\/allergo.infodocs.eu\/cours2025\/groupe6\/wp-content\/uploads\/2025\/03\/creature-animale-1-edited.png 901w, https:\/\/allergo.infodocs.eu\/cours2025\/groupe6\/wp-content\/uploads\/2025\/03\/creature-animale-1-edited-300x300.png 300w, https:\/\/allergo.infodocs.eu\/cours2025\/groupe6\/wp-content\/uploads\/2025\/03\/creature-animale-1-edited-150x150.png 150w, https:\/\/allergo.infodocs.eu\/cours2025\/groupe6\/wp-content\/uploads\/2025\/03\/creature-animale-1-edited-768x768.png 768w\" sizes=\"auto, (max-width: 901px) 100vw, 901px\" \/><\/a><\/figure>\n\n\n\n<p><strong>Forme plut\u00f4t animale<\/strong><br>Monstre terrifiant, cr\u00e9ature sauvage de la montagne, dragon, serpent, monstre marin, spectre canin annonciateur de malheurs&#8230;<\/p>\n\n\n\n<div class=\"wp-block-buttons is-content-justification-center is-layout-flex wp-container-core-buttons-is-layout-16018d1d wp-block-buttons-is-layout-flex\">\n<div class=\"wp-block-button\"><a class=\"wp-block-button__link wp-element-button\" href=\"https:\/\/allergo.infodocs.eu\/cours2025\/groupe6\/category\/creatures\/creatures-animales\/\"><strong>MONSTRE &amp; AUTRES<\/strong><\/a><\/div>\n<\/div>\n<\/div>\n\n\n\n<div class=\"wp-block-column is-style-default is-layout-flow wp-block-column-is-layout-flow\" style=\"border-style:none;border-width:0px;padding-top:0;padding-right:0;padding-bottom:0;padding-left:0\">\n<figure class=\"wp-block-image size-full\"><a href=\"https:\/\/allergo.infodocs.eu\/cours2025\/groupe6\/category\/creatures\/autres-creatures\/\"><img loading=\"lazy\" decoding=\"async\" width=\"901\" height=\"901\" src=\"https:\/\/allergo.infodocs.eu\/cours2025\/groupe6\/wp-content\/uploads\/2025\/03\/autres-creatures-1-edited.png\" alt=\"\" class=\"wp-image-221\" srcset=\"https:\/\/allergo.infodocs.eu\/cours2025\/groupe6\/wp-content\/uploads\/2025\/03\/autres-creatures-1-edited.png 901w, https:\/\/allergo.infodocs.eu\/cours2025\/groupe6\/wp-content\/uploads\/2025\/03\/autres-creatures-1-edited-300x300.png 300w, https:\/\/allergo.infodocs.eu\/cours2025\/groupe6\/wp-content\/uploads\/2025\/03\/autres-creatures-1-edited-150x150.png 150w, https:\/\/allergo.infodocs.eu\/cours2025\/groupe6\/wp-content\/uploads\/2025\/03\/autres-creatures-1-edited-768x768.png 768w\" sizes=\"auto, (max-width: 901px) 100vw, 901px\" \/><\/a><\/figure>\n\n\n\n<p><strong>Spectre &amp; autres cr\u00e9atures<br><\/strong>Esprit f\u00e9minin errant la nuit, fant\u00f4me de pirate, apparition spectrale, esprit vengeur, fant\u00f4me d&rsquo;un moine, esprit des glaces&#8230;<\/p>\n\n\n\n<div class=\"wp-block-buttons is-content-justification-center is-layout-flex wp-container-core-buttons-is-layout-16018d1d wp-block-buttons-is-layout-flex\">\n<div class=\"wp-block-button\"><a class=\"wp-block-button__link wp-element-button\" href=\"https:\/\/allergo.infodocs.eu\/cours2025\/groupe6\/category\/creatures\/autres-creatures\/\"><strong>SPECTRE &amp; AUTRES<\/strong><\/a><\/div>\n<\/div>\n<\/div>\n<\/div>\n\n\n\n<div class=\"wp-block-columns is-layout-flex wp-container-core-columns-is-layout-9d6595d7 wp-block-columns-is-layout-flex\">\n<div class=\"wp-block-column is-layout-flow wp-block-column-is-layout-flow\"><\/div>\n<\/div>\n<\/div><\/div>\n<\/div><\/div>\n\n\n\n<div class=\"wp-block-cover alignfull has-parallax is-position-center-center\" style=\"border-radius:0px\"><span aria-hidden=\"true\" class=\"wp-block-cover__background has-black-background-color has-background-dim-40 has-background-dim\"><\/span><div class=\"wp-block-cover__image-background wp-image-24 has-parallax\" style=\"background-position:50% 50%;background-image:url(https:\/\/allergo.infodocs.eu\/cours2025\/groupe6\/wp-content\/themes\/inspiro\/assets\/images\/StockSnap_89BQZ89TLH.jpg)\"><\/div><div class=\"wp-block-cover__inner-container is-layout-flow wp-block-cover-is-layout-flow\">\n<div class=\"wp-block-group\"><div class=\"wp-block-group__inner-container is-layout-constrained wp-block-group-is-layout-constrained\">\n<h2 class=\"wp-block-heading has-text-align-center has-text-color has-medium-font-size\" style=\"color:#fffffa;text-transform:uppercase\">CONSEILS RANDO<\/h2>\n\n\n<div class=\"wp-block-image\">\n<figure class=\"aligncenter size-full\"><a href=\"https:\/\/allergo.infodocs.eu\/cours2025\/groupe6\/category\/conseils-rando\/\"><img loading=\"lazy\" decoding=\"async\" width=\"800\" height=\"400\" src=\"https:\/\/allergo.infodocs.eu\/cours2025\/groupe6\/wp-content\/uploads\/2025\/03\/rando-allonge-2.png\" alt=\"\" class=\"wp-image-263\" srcset=\"https:\/\/allergo.infodocs.eu\/cours2025\/groupe6\/wp-content\/uploads\/2025\/03\/rando-allonge-2.png 800w, https:\/\/allergo.infodocs.eu\/cours2025\/groupe6\/wp-content\/uploads\/2025\/03\/rando-allonge-2-300x150.png 300w, https:\/\/allergo.infodocs.eu\/cours2025\/groupe6\/wp-content\/uploads\/2025\/03\/rando-allonge-2-768x384.png 768w\" sizes=\"auto, (max-width: 800px) 100vw, 800px\" \/><\/a><\/figure>\n<\/div>\n\n\n<p class=\"has-text-align-center has-white-color has-text-color\">Une randonn\u00e9e ne s&rsquo;improvise pas. <br>Avant de te lancer sur les sentiers enchant\u00e9s, mieux vaut <strong>\u00eatre bien pr\u00e9par\u00e9<\/strong> ! <br><strong>\u00c9quipement<\/strong>, <strong>s\u00e9curit\u00e9<\/strong>, <strong>astuces<\/strong>, on te donne toutes les cl\u00e9s dans un <strong>guide complet<\/strong> pour profiter \u00e0 fond de ta rando et \u00e9viter les gal\u00e8res  ! Bonne lecture.<\/p>\n\n\n\n<div class=\"wp-block-buttons is-content-justification-center is-layout-flex wp-container-core-buttons-is-layout-16018d1d wp-block-buttons-is-layout-flex\">\n<div class=\"wp-block-button\"><a class=\"wp-block-button__link wp-element-button\" href=\"https:\/\/allergo.infodocs.eu\/cours2025\/groupe6\/category\/conseils-rando\/\"><strong>LIRE LE GUIDE<\/strong><\/a><\/div>\n<\/div>\n<\/div><\/div>\n<\/div><\/div>\n\n\n\n<div id=\"news\" class=\"wp-block-group\"><div class=\"wp-block-group__inner-container is-layout-constrained wp-block-group-is-layout-constrained\">\n<div style=\"height:40px\" aria-hidden=\"true\" class=\"wp-block-spacer\"><\/div>\n<\/div><\/div>\n\n\n\n<div class=\"wp-block-columns is-layout-flex wp-container-core-columns-is-layout-9d6595d7 wp-block-columns-is-layout-flex\">\n<div class=\"wp-block-column is-layout-flow wp-block-column-is-layout-flow\"><div class=\"wp-block-image is-style-rounded\">\n<figure class=\"aligncenter size-full\"><a href=\"https:\/\/allergo.infodocs.eu\/cours2025\/groupe6\/credits-remerciements\/\"><img loading=\"lazy\" decoding=\"async\" width=\"448\" height=\"448\" src=\"https:\/\/allergo.infodocs.eu\/cours2025\/groupe6\/wp-content\/uploads\/2025\/03\/merci-NB-1.png\" alt=\"\" class=\"wp-image-281\" srcset=\"https:\/\/allergo.infodocs.eu\/cours2025\/groupe6\/wp-content\/uploads\/2025\/03\/merci-NB-1.png 448w, https:\/\/allergo.infodocs.eu\/cours2025\/groupe6\/wp-content\/uploads\/2025\/03\/merci-NB-1-300x300.png 300w, https:\/\/allergo.infodocs.eu\/cours2025\/groupe6\/wp-content\/uploads\/2025\/03\/merci-NB-1-150x150.png 150w\" sizes=\"auto, (max-width: 448px) 100vw, 448px\" \/><\/a><figcaption class=\"wp-element-caption\">Cr\u00e9dits &amp; remerciements<\/figcaption><\/figure>\n<\/div><\/div>\n\n\n\n<div class=\"wp-block-column is-layout-flow wp-block-column-is-layout-flow\"><div class=\"wp-block-image is-style-rounded\">\n<figure class=\"aligncenter size-full\"><a href=\"https:\/\/allergo.infodocs.eu\/cours2025\/groupe6\/les-coulisses\/\"><img loading=\"lazy\" decoding=\"async\" width=\"448\" height=\"448\" src=\"https:\/\/allergo.infodocs.eu\/cours2025\/groupe6\/wp-content\/uploads\/2025\/03\/coulisse-NB-1.png\" alt=\"\" class=\"wp-image-282\" srcset=\"https:\/\/allergo.infodocs.eu\/cours2025\/groupe6\/wp-content\/uploads\/2025\/03\/coulisse-NB-1.png 448w, https:\/\/allergo.infodocs.eu\/cours2025\/groupe6\/wp-content\/uploads\/2025\/03\/coulisse-NB-1-300x300.png 300w, https:\/\/allergo.infodocs.eu\/cours2025\/groupe6\/wp-content\/uploads\/2025\/03\/coulisse-NB-1-150x150.png 150w\" sizes=\"auto, (max-width: 448px) 100vw, 448px\" \/><\/a><figcaption class=\"wp-element-caption\">Les coulisses du projet<\/figcaption><\/figure>\n<\/div><\/div>\n<\/div>\n\n\n\n<p><\/p>\n","protected":false},"excerpt":{"rendered":"<p>Es-tu pr\u00eat \u00e0 plonger dans un monde o\u00f9 la nature cache des secrets incroyables ?&#8230;<\/p>\n","protected":false},"author":1,"featured_media":0,"parent":0,"menu_order":0,"comment_status":"closed","ping_status":"closed","template":"page-templates\/homepage-no-hero.php","meta":{"footnotes":""},"class_list":["post-10","page","type-page","status-publish","hentry"],"_links":{"self":[{"href":"https:\/\/allergo.infodocs.eu\/cours2025\/groupe6\/wp-json\/wp\/v2\/pages\/10","targetHints":{"allow":["GET"]}}],"collection":[{"href":"https:\/\/allergo.infodocs.eu\/cours2025\/groupe6\/wp-json\/wp\/v2\/pages"}],"about":[{"href":"https:\/\/allergo.infodocs.eu\/cours2025\/groupe6\/wp-json\/wp\/v2\/types\/page"}],"author":[{"embeddable":true,"href":"https:\/\/allergo.infodocs.eu\/cours2025\/groupe6\/wp-json\/wp\/v2\/users\/1"}],"replies":[{"embeddable":true,"href":"https:\/\/allergo.infodocs.eu\/cours2025\/groupe6\/wp-json\/wp\/v2\/comments?post=10"}],"version-history":[{"count":94,"href":"https:\/\/allergo.infodocs.eu\/cours2025\/groupe6\/wp-json\/wp\/v2\/pages\/10\/revisions"}],"predecessor-version":[{"id":1078,"href":"https:\/\/allergo.infodocs.eu\/cours2025\/groupe6\/wp-json\/wp\/v2\/pages\/10\/revisions\/1078"}],"wp:attachment":[{"href":"https:\/\/allergo.infodocs.eu\/cours2025\/groupe6\/wp-json\/wp\/v2\/media?parent=10"}],"curies":[{"name":"wp","href":"https:\/\/api.w.org\/{rel}","templated":true}]}}