{"id":62,"date":"2025-02-27T16:09:40","date_gmt":"2025-02-27T15:09:40","guid":{"rendered":"https:\/\/allergo.infodocs.eu\/cours2025\/groupe6\/?page_id=62"},"modified":"2025-03-24T09:12:51","modified_gmt":"2025-03-24T08:12:51","slug":"credits-remerciements","status":"publish","type":"page","link":"https:\/\/allergo.infodocs.eu\/cours2025\/groupe6\/credits-remerciements\/","title":{"rendered":"Cr\u00e9dits &amp; remerciements"},"content":{"rendered":"<div class=\"wp-block-image\">\n<figure class=\"aligncenter size-full\"><img loading=\"lazy\" decoding=\"async\" width=\"448\" height=\"448\" src=\"https:\/\/allergo.infodocs.eu\/cours2025\/groupe6\/wp-content\/uploads\/2025\/03\/merci2.png\" alt=\"\" class=\"wp-image-359\" srcset=\"https:\/\/allergo.infodocs.eu\/cours2025\/groupe6\/wp-content\/uploads\/2025\/03\/merci2.png 448w, https:\/\/allergo.infodocs.eu\/cours2025\/groupe6\/wp-content\/uploads\/2025\/03\/merci2-300x300.png 300w, https:\/\/allergo.infodocs.eu\/cours2025\/groupe6\/wp-content\/uploads\/2025\/03\/merci2-150x150.png 150w\" sizes=\"auto, (max-width: 448px) 100vw, 448px\" \/><\/figure>\n<\/div>\n\n\n<div style=\"height:15px\" aria-hidden=\"true\" class=\"wp-block-spacer\"><\/div>\n\n\n\n<p><strong>Nous remercions chaleureusement<\/strong> les professeures et les \u00e9l\u00e8ves du coll\u00e8ge Gaston Carr\u00e8re de Casseneuil (47) qui nous ont aid\u00e9 dans la conception de ce site.<\/p>\n\n\n\n<div style=\"height:17px\" aria-hidden=\"true\" class=\"wp-block-spacer\"><\/div>\n\n\n\n<p>Toutes les images des <strong>cr\u00e9atures <\/strong>et des <strong>mascottes<\/strong> ont \u00e9t\u00e9 r\u00e9alis\u00e9es avec l&rsquo;IA de <strong>Canva<\/strong>.<br>Les photos d&rsquo;illustration des articles viennent de <strong>Freepik<\/strong>.<\/p>\n\n\n\n<p>Le <strong>teaser de pr\u00e9sentation du site<\/strong> a \u00e9t\u00e9 mont\u00e9 sur <strong>Canva <\/strong>avec des vid\u00e9os et de la musique libres de droit trouv\u00e9es sur <strong>Pixabay <\/strong>dont voici les r\u00e9f\u00e9rences :<br>&gt; Musique \u00e9pique par <strong><a href=\"https:\/\/pixabay.com\/fr\/music\/titre-principal-epic-music-fress-238226\" data-type=\"link\" data-id=\"https:\/\/pixabay.com\/fr\/music\/titre-principal-epic-music-fress-238226\" target=\"_blank\" rel=\"noreferrer noopener\">Shoni 7030<\/a><\/strong><br>&gt; Vid\u00e9o marcheur par <strong><a href=\"https:\/\/pixabay.com\/fr\/videos\/en-marchant-baskets-nike-3171\" data-type=\"link\" data-id=\"https:\/\/pixabay.com\/fr\/videos\/en-marchant-baskets-nike-3171\" target=\"_blank\" rel=\"noreferrer noopener\">Coverr-Free-Footage<\/a><\/strong><br>&gt; Vid\u00e9o de la f\u00e9e par <strong><a href=\"https:\/\/pixabay.com\/fr\/videos\/champignon-maisons-%C3%A9tang-157008\" target=\"_blank\" rel=\"noreferrer noopener\">Monk_Vadim<\/a><\/strong><br>&gt; Vid\u00e9o des bois par <strong><a href=\"https:\/\/pixabay.com\/fr\/videos\/for%C3%AAt-les-bois-mystique-matin-49981\" data-type=\"link\" data-id=\"https:\/\/pixabay.com\/fr\/videos\/for%C3%AAt-les-bois-mystique-matin-49981\" target=\"_blank\" rel=\"noreferrer noopener\">Matthias_Groeneveld<\/a><\/strong><br>&gt; Vid\u00e9o du sentier par <strong><a href=\"https:\/\/pixabay.com\/fr\/videos\/for%C3%AAt-des-arbres-passerelle-46906\" data-type=\"link\" data-id=\"https:\/\/pixabay.com\/fr\/videos\/for%C3%AAt-des-arbres-passerelle-46906\" target=\"_blank\" rel=\"noreferrer noopener\">Rudimaes<\/a><\/strong><br>&gt; Vid\u00e9o dragon par <strong><a href=\"https:\/\/pixabay.com\/fr\/videos\/dragon-feu-fantaisie-dragons-31297\/\" data-type=\"link\" data-id=\"https:\/\/pixabay.com\/fr\/videos\/dragon-feu-fantaisie-dragons-31297\/\" target=\"_blank\" rel=\"noreferrer noopener\">MostafaElTurkey36<\/a><\/strong><\/p>\n\n\n\n<div style=\"height:28px\" aria-hidden=\"true\" class=\"wp-block-spacer\"><\/div>\n\n\n\n<p>La<strong> vid\u00e9o de pr\u00e9sentation de l&rsquo;\u00e9quipe <\/strong>a \u00e9t\u00e9 mont\u00e9e sur <strong>Canva <\/strong>avec des vid\u00e9os et de la musique libres de droit trouv\u00e9es sur <strong>Canva <\/strong>et <strong>Pixabay <\/strong>dont voici les r\u00e9f\u00e9rences :<br>&gt; Musique par <strong><a href=\"https:\/\/pixabay.com\/fr\/music\/roche-breaking-point-the-sport-2-200352\/\" target=\"_blank\" rel=\"noreferrer noopener\">EugeneMyers<\/a><\/strong><br>&gt; Vid\u00e9o dans la biblioth\u00e8que par <strong><a href=\"https:\/\/pixabay.com\/fr\/videos\/une-biblioth%C3%A8que-livres-38918\" target=\"_blank\" rel=\"noreferrer noopener\">AlexKopeykin<\/a><\/strong><br>&gt; Vid\u00e9o du livre sur la plage par <strong><a href=\"https:\/\/pixabay.com\/fr\/videos\/livre-pages-litt%C3%A9rature-plage-185096\" target=\"_blank\" rel=\"noreferrer noopener\">stefaniejockschat<\/a><\/strong><br>&gt; Vid\u00e9o de l&rsquo;ascension jusqu&rsquo;\u00e0 la croix par<br>&gt; Vid\u00e9o du cerf par <strong><a href=\"https:\/\/pixabay.com\/fr\/videos\/cerf-sauvage-grouper-saison-du-rut-137897\" target=\"_blank\" rel=\"noreferrer noopener\">NickyPe<\/a><\/strong><br>&gt; Vid\u00e9o du ruisseau par <strong><a href=\"https:\/\/pixabay.com\/fr\/videos\/fleuve-ruisseau-cascade-des-arbres-174860\" target=\"_blank\" rel=\"noreferrer noopener\">Alex_Sochi7777<\/a><\/strong><br>&gt; Vid\u00e9o de la main dans le champ par <strong><a href=\"https:\/\/pixabay.com\/fr\/videos\/femme-fleurs-les-plantes-58142\" target=\"_blank\" rel=\"noreferrer noopener\">SYG_Watercolor<\/a><\/strong><br>&gt; Vid\u00e9o de la t\u00eate de l&rsquo;aigle par <strong><a href=\"https:\/\/pixabay.com\/fr\/videos\/aigle-oiseau-faune-sauvage-animal-80298\" target=\"_blank\" rel=\"noreferrer noopener\">mda621326<\/a><\/strong><\/p>\n\n\n\n<div style=\"height:37px\" aria-hidden=\"true\" class=\"wp-block-spacer\"><\/div>\n\n\n\n<p><strong>La vid\u00e9o \u00ab\u00a0coming soon\u00a0\u00bb<\/strong> a \u00e9t\u00e9 mont\u00e9e sur <strong>Canva <\/strong>avec des vid\u00e9os de Canva et la musique <strong>Pixabay <\/strong>de <strong><a href=\"https:\/\/pixabay.com\/fr\/music\/dubstep-soulsweeper-252499\/\" target=\"_blank\" rel=\"noreferrer noopener\">ItsWatR<\/a><\/strong>.<\/p>\n\n\n\n<div style=\"height:22px\" aria-hidden=\"true\" class=\"wp-block-spacer\"><\/div>\n\n\n\n<p><strong>Les vid\u00e9os des cr\u00e9atures<\/strong> ont \u00e9t\u00e9 mont\u00e9es sur <strong>Canva <\/strong>avec des extraits vid\u00e9o d&rsquo;Internet, parfois des photos de lieu et des musiques <strong>Pixabay <\/strong>dont voici les r\u00e9f\u00e9rences :<br>> Vid\u00e9o du <strong>Dahu <\/strong>par <strong><a href=\"https:\/\/pixabay.com\/fr\/music\/les-dessins-animes-funny-cartoon-comedy-background-music-298330\/\" target=\"_blank\" rel=\"noreferrer noopener\">HitsLab<\/a><\/strong><br>> Vid\u00e9o de la <strong>Vouivre <\/strong>par <strong><a href=\"https:\/\/pixabay.com\/fr\/music\/construire-des-scenes-epic-cinematic-horror-suspence-285651\/\" target=\"_blank\" rel=\"noreferrer noopener\">NoCopyrightSound633<\/a><\/strong><br>> Vid\u00e9o de la <strong>Tarasque <\/strong>par <strong><a href=\"https:\/\/pixabay.com\/fr\/music\/mystere-horror-spooky-piano-254402\/\" target=\"_blank\" rel=\"noreferrer noopener\">NikitaKondrashev<\/a><\/strong><br>> Vid\u00e9o de la <strong>Coulobre <\/strong>par <strong><a href=\"https:\/\/pixabay.com\/fr\/music\/mystere-road-to-perdition-244454\/\" target=\"_blank\" rel=\"noreferrer noopener\">JCI21<\/a><\/strong><br>> Vid\u00e9o de la <strong>B\u00eate du G\u00e9vaudan<\/strong> par <strong><a href=\"https:\/\/pixabay.com\/fr\/music\/roche-aggressor-152131\/\" target=\"_blank\" rel=\"noreferrer noopener\">SPmusic<\/a><\/strong><br>> Vid\u00e9o de <strong>Grand-m\u00e8re Kalle<\/strong> : rire par <strong><a href=\"https:\/\/pixabay.com\/fr\/sound-effects\/witch-laugh-95203\" target=\"_blank\" rel=\"noreferrer noopener\">freesound_community<\/a><\/strong> et musique par <strong><a href=\"https:\/\/pixabay.com\/fr\/music\/airs-effrayants-pour-enfants-haunted-carnival-243697\" target=\"_blank\" rel=\"noreferrer noopener\">Top-Flow<\/a><\/strong><br>> Vid\u00e9o du <strong>Gayant de Douai<\/strong> par <strong><a href=\"https:\/\/pixabay.com\/fr\/music\/fanfare-majestic-brass-fanfare-293125\/\" target=\"_blank\" rel=\"noreferrer noopener\">Humanoide_Media<\/a><\/strong><br>> Vid\u00e9o de Broc\u00e9liande, utilis\u00e9e pour les fiches <strong>Morgane <\/strong>et <strong>Korrigans<\/strong>, par <a href=\"https:\/\/pixabay.com\/fr\/music\/groupe-acoustique-promenade-dans-une-foret-medievale-307895\/\" target=\"_blank\" rel=\"noreferrer noopener\"><strong>Jean-Paul V<\/strong><\/a><\/p>\n\n\n\n<p><\/p>\n\n\n\n<p><\/p>\n\n\n\n<p><\/p>\n\n\n\n<p><\/p>\n\n\n\n<p><\/p>\n\n\n\n<p><\/p>\n\n\n\n<p><\/p>\n\n\n\n<p><\/p>\n\n\n\n<p><\/p>\n","protected":false},"excerpt":{"rendered":"<p>Nous remercions chaleureusement les professeures et les \u00e9l\u00e8ves du coll\u00e8ge Gaston Carr\u00e8re de Casseneuil (47)&#8230;<\/p>\n","protected":false},"author":3,"featured_media":0,"parent":0,"menu_order":0,"comment_status":"closed","ping_status":"closed","template":"","meta":{"footnotes":""},"class_list":["post-62","page","type-page","status-publish","hentry"],"_links":{"self":[{"href":"https:\/\/allergo.infodocs.eu\/cours2025\/groupe6\/wp-json\/wp\/v2\/pages\/62","targetHints":{"allow":["GET"]}}],"collection":[{"href":"https:\/\/allergo.infodocs.eu\/cours2025\/groupe6\/wp-json\/wp\/v2\/pages"}],"about":[{"href":"https:\/\/allergo.infodocs.eu\/cours2025\/groupe6\/wp-json\/wp\/v2\/types\/page"}],"author":[{"embeddable":true,"href":"https:\/\/allergo.infodocs.eu\/cours2025\/groupe6\/wp-json\/wp\/v2\/users\/3"}],"replies":[{"embeddable":true,"href":"https:\/\/allergo.infodocs.eu\/cours2025\/groupe6\/wp-json\/wp\/v2\/comments?post=62"}],"version-history":[{"count":16,"href":"https:\/\/allergo.infodocs.eu\/cours2025\/groupe6\/wp-json\/wp\/v2\/pages\/62\/revisions"}],"predecessor-version":[{"id":1074,"href":"https:\/\/allergo.infodocs.eu\/cours2025\/groupe6\/wp-json\/wp\/v2\/pages\/62\/revisions\/1074"}],"wp:attachment":[{"href":"https:\/\/allergo.infodocs.eu\/cours2025\/groupe6\/wp-json\/wp\/v2\/media?parent=62"}],"curies":[{"name":"wp","href":"https:\/\/api.w.org\/{rel}","templated":true}]}}